hundreds digit of 179462?
4
What is the ten millions digit of 28463346?
2
What is the units digit of 25145?
5
What is the ten thousands digit of 486770?
8
What is the millions digit of 1857810?
1
What is the units digit of 349108?
8
What is the hundred thousands digit of 284302?
2
What is the units digit of 1882718?
8
What is the thousands digit of 277500?
7
What is the units digit of 1047505?
5
What is the millions digit of 3441873?
3
What is the ten thousands digit of 100422?
0
What is the units digit of 5175742?
2
What is the units digit of 1697515?
5
What is the units digit of 5574712?
2
What is the tens digit of 32360081?
8
What is the hundreds digit of 253659?
6
What is the tens digit of 6470472?
7
What is the tens digit of 1052948?
4
What is the hundreds digit of 158530?
5
What is the thousands digit of 6076783?
6
What is the millions digit of 1534326?
1
What is the tens digit of 347846?
4
What is the ten thousands digit of 239544?
3
What is the ten thousands digit of 449531?
4
What is the tens digit of 4776970?
7
What is the tens digit of 9876587?
8
What is the hundred thousands digit of 368102?
3
What is the hundreds digit of 3880452?
4
What is the hundreds digit of 8044459?
4
What is the thousands digit of 335630?
5
What is the thousands digit of 905336?
5
What is the ten thousands digit of 140627?
4
What is the hundred thousands digit of 20381621?
3
What is the tens digit of 19220?
2
What is the ten thousands digit of 236261?
3
What is the tens digit of 198304?
0
What is the units digit of 10437670?
0
What is the units digit of 215401?
1
What is the thousands digit of 182160?
2
What is the millions digit of 3887639?
3
What is the units digit of 766922?
2
What is the thousands digit of 208160?
8
What is the thousands digit of 3153913?
3
What is the hundreds digit of 967517?
5
What is the thousands digit of 42559?
2
What is the ten thousands digit of 311248?
1
What is the millions digit of 4168505?
4
What is the units digit of 57619?
9
What is the tens digit of 415057?
5
What is the hundred thousands digit of 535173?
5
What is the tens digit of 17784256?
5
What is the hundreds digit of 413725?
7
What is the tens digit of 4520889?
8
What is the hundreds digit of 254399?
3
What is the hundred thousands digit of 1873142?
8
What is the tens digit of 3407466?
6
What is the tens digit of 5744?
4
What is the tens digit of 2264282?
8
What is the units digit of 10435336?
6
What is the hundreds digit of 1045570?
5
What is the units digit of 1630?
0
What is the hundreds digit of 250951?
9
What is the hundred thousands digit of 2366094?
3
What is the ten thousands digit of 1607768?
0
What is the hundred thousands digit of 4207420?
2
What is the ten thousands digit of 4128231?
2
What is the millions digit of 3404847?
3
What is the hundreds digit of 430326?
3
What is the ten thousands digit of 64671?
6
What is the ten millions digit of 26505769?
2
What is the thousands digit of 33570622?
0
What is the hundred thousands digit of 259264?
2
What is the units digit of 4543205?
5
What is the tens digit of 29316?
1
What is the tens digit of 24911656?
5
What is the thousands digit of 1092937?
2
What is the hundreds digit of 599870?
8
What is the hundred thousands digit of 1990251?
9
What is the tens digit of 325027?
2
What is the thousands digit of 1322888?
2
What is the hundred thousands digit of 14417852?
4
What is the ten thousands digit of 3059510?
5
What is the hundred thousands digit of 1785883?
7
What is the units digit of 3858540?
0
What is the tens digit of 8996234?
3
What is the ten thousands digit of 1913991?
1
What is the ten thousands digit of 147958?
4
What is the hundred thousands digit of 672931?
6
What is the hundreds digit of 3840339?
3
What is the units digit of 133484?
4
What is the thousands digit of 100480?
0
What is the millions digit of 5285342?
5
What is the hundred thousands digit of 237988?
2
What is the tens digit of 89020?
2
What is the ten thousands digit of 666911?
6
What is the tens digit of 19563994?
9
What is the tens digit of 882975?
7
What is the thousands digit of 64480?
4
What is the ten thousands digit of 104747?
0
What is the millions digit of 1292715?
1
What is the ten thousands digit of 24054226?
5
What is the tens digit of 30065?
6
What is the hundreds digit of 316807?
8
What is the units digit of 179391?
1
What is the units digit of 5792203?
3
What is the hundreds digit of 3010911?
9
What is the units digit of 523472?
2
What is the thousands digit of 734442?
4
What is the ten thousands digit of 470470?
7
What is the units digit of 240611?
1
What is the hundred thousands digit of 376169?
3
What is the thousands digit of 12601994?
1
What is the tens digit of 510691?
9
What is the ten thousands digit of 1027477?
2
What is the units digit of 129191?
1
What is the units digit of 154253?
3
What is the ten thousands digit of 7965411?
6
What is the ten thousands digit of 294237?
9
What is the thousands digit of 242436?
2
What is the millions digit of 4210210?
4
What is the ten thousands digit of 30377035?
7
What is the thousands digit of 1345384?
5
What is the hundreds digit of 595958?
9
What is the ten thousands digit of 89996?
8
What is the hundreds digit of 2910562?
5
What is the hundred thousands digit of 182393?
1
What is the millions digit of 2393849?
2
What is the ten thousands digit of 4677927?
7
What is the hundred thousands digit of 577555?
5
What is the tens digit of 226610?
1
What is the thousands digit of 1065947?
5
What is the units digit of 18773784?
4
What is the thousands digit of 4724421?
4
What is the ten thousands digit of 110051?
1
What is the tens digit of 217796?
9
What is the ten thousands digit of 2087195?
8
What is the units digit of 346532?
2
What is the tens digit of 22240319?
1
What is the thousands digit of 396097?
6
What is the tens digit of 37863?
6
What is the hundred thousands digit of 576670?
5
What is the hundreds digit of 334376?
3
What is the hundred thousands digit of 3326257?
3
What is the hundred thousands digit of 390393?
3
What is the ten thousands digit of 462004?
6
What is the ten thousands digit of 260432?
6
What is the thousands digit of 582045?
2
What is the units digit of 99233?
3
What is the thousands digit of 345828?
5
What is the thousands digit of 282002?
2
What is the thousands digit of 5921484?
1
What is the ten thousands digit of 122712?
2
What is the units digit of 25167?
7
What is the tens digit of 12585352?
5
What is the tens digit of 21661442?
4
What is the hundreds digit of 22419?
4
What is the ten thousands digit of 1909896?
0
What is the hundreds digit of 249469?
4
What is the ten thousands digit of 2500378?
0
What is the units digit of 129310?
0
What is the tens digit of 863691?
9
What is the hundred thousands digit of 259889?
2
What is the tens digit of 13005751?
5
What is the hundreds digit of 1609393?
3
What is the hundreds digit of 351996?
9
What is the tens digit of 170674?
7
What is the hundreds digit of 13546309?
3
What is the units digit of 979562?
2
What is the thousands digit of 800659?
0
What is the thousands digit of 15179851?
9
What is the hundred thousands digit of 13118005?
1
What is the units digit of 12630075?
5
What is the hundreds digit of 1245578?
5
What is the ten thousands digit of 17284264?
8
What is the millions digit of 1998700?
1
What is the units digit of 100182?
2
What is the thousands digit of 218422?
8
What is the hundreds digit of 43645?
6
What is the hundreds digit of 745817?
8
What is the thousands digit of 189395?
9
What is the thousands digit of 38043?
8
What is the ten thousands digit of 6059226?
5
What is the ten thousands digit of 964515?
6
What is the hundreds digit of 92826?
8
What is the thousands digit of 397983?
7
What is the ten thousands digit of 11273245?
7
What is the millions digit of 2763587?
2
What is the thousands digit of 335160?
5
What is the units digit of 388043?
3
What is the tens digit of 1360997?
9
What is the thousands digit of 7619407?
9
What is the ten thousands digit of 591718?
9
What is the hundreds digit of 106957?
9
What is the thousands digit of 195822?
5
What is the millions digit of 8967035?
8
What is the hundred thousands digit of 17130860?
1
What is the tens digit of 26251230?
3
What